t is x(-1)?
15
Let j(k) = -49*k - 3144. Determine j(-43).
-1037
Let v(z) = -3*z**3 - 10*z**2 + 85*z - 31. Give v(5).
-231
Let j(q) = -2*q**3 + 113*q**2 - 70*q + 813. Calculate j(56).
29
Let i(l) = l**3 - 138*l**2 - 280*l + 2173. What is i(-5)?
-2
Let w(q) = 241551*q + 241560. Determine w(-1).
9
Let t(q) = -q**2 - 664*q + 23734. What is t(34)?
2
Let f(u) = 3*u**3 + 333*u**2 - 4038*u - 187. Determine f(-122).
1277
Let c(w) = w**3 + 82*w**2 + 1688*w - 419. Calculate c(-40).
-739
Let l(o) = -7*o**2 - 896*o - 12. Give l(-127).
877
Let x(s) = -4*s**3 + 132*s**2 - 7*s - 5. Calculate x(33).
-236
Let l(n) = -n**2 - 435*n + 1829. Calculate l(4).
73
Let b(m) = 2*m**2 + 190342*m. Determine b(0).
0
Let n(r) = -r**2 + 101*r - 977. Determine n(13).
167
Let b(r) = 2932*r**2 + 14876*r + 12. Calculate b(-5).
-1068
Let b(t) = -648124*t + 9721864. Give b(15).
4
Let y(f) = 7*f**3 + 6*f**2 - 187*f + 18. Determine y(0).
18
Let j(s) = 5*s**3 - 1716*s**2 + 3422*s - 9. Determine j(2).
11
Let a(p) = -p**3 + 10*p**2 - 1300*p - 5427. What is a(-4)?
-3
Let h(p) = 409*p**2 - 937*p + 248. Determine h(2).
10
Let q(m) = -4*m**3 - 9495*m**2 - 7073*m + 109161. Calculate q(-2373).
3
Let u(n) = n**3 - 94*n**2 + 92*n + 8. Calculate u(0).
8
Let x(j) = 34*j**2 - 559*j + 264. Determine x(16).
24
Let t(o) = 10*o**2 - 493*o - 16334. Calculate t(72).
10
Let x(w) = -2068*w**2 + 24809*w + 19. Calculate x(12).
-65
Let c(r) = -65*r**2 + 1955*r + 56. Give c(30).
206
Let j(h) = h**3 - 18*h**2 - 989*h - 762. What is j(42)?
36
Let s(j) = -2*j**3 - 368*j**2 + 4676*j + 202. What is s(12)?
-134
Let n(m) = -2*m**3 - 2189*m**2 - 7627*m + 10915. Determine n(-1091).
5
Let o(t) = -1895*t - 1955614. What is o(-1032)?
26
Let h(n) = 2*n**3 - 524*n**2 - 57*n + 14948. Give h(262).
14
Let h(z) = 11*z**3 - 116*z**2 - 66*z + 473. What is h(12)?
1985
Let v(r) = 1677*r + 17818. Determine v(-11).
-629
Let k(m) = 334*m**2 - 3943*m - 16. What is k(12)?
764
Let x(u) = -167433*u - 1841774. Determine x(-11).
-11
Let n(p) = 4064*p + 20324. Give n(-5).
4
Let n(f) = 4*f**2 - 202*f + 311. Give n(50).
211
Let r(z) = 4*z**3 - 67*z**2 + 48*z + 1. Give r(16).
1
Let o(h) = 2*h**3 - 47*h**2 - 26*h - 33. Give o(24).
-81
Let s(b) = 24*b - 2392. What is s(116)?
392
Let q(n) = n**3 - 99*n**2 + 898*n - 72. Calculate q(10).
8
Let o(t) = 10876*t + 86936. Give o(-8).
-72
Let u(s) = -s**3 + 88*s**2 + 35*s - 2835. Determine u(88).
245
Let a(m) = -126*m**3 + 4*m**2 - 241*m - 244. Determine a(-1).
127
Let y(m) = 2*m**2 - 348*m - 45427. Calculate y(-87).
-13
Let d(p) = p**3 - 99*p**2 - 142*p + 14038. Determine d(99).
-20
Let d(i) = -17*i**2 - 5833*i - 206119. What is d(-40)?
1
Let m(s) = 4*s**2 - 104*s + 73. Determine m(27).
181
Let f(q) = 783*q + 119063. What is f(-152)?
47
Let f(n) = -2*n**3 + 53*n**2 + 16*n - 4062. Calculate f(23).
9
Let r(q) = -3570*q**2 - 14281*q - 26. Determine r(-4).
-22
Let c(i) = 331*i - 1107. Give c(3).
-114
Let q(i) = 28073*i - 1768605. Determine q(63).
-6
Let t(h) = -h**3 + 1546*h**2 - 2828*h - 518. Calculate t(2).
2
Let r(q) = -15*q**2 - 4664*q + 315. Calculate r(-311).
4
Let f(o) = 298*o - 6933. Determine f(24).
219
Let f(o) = 51*o**2 + 7967*o - 112185. Determine f(13).
5
Let y(j) = 11*j**3 - 62*j**2 + 30*j + 26. What is y(5)?
1
Let y(t) = -106*t - 5670. What is y(-54)?
54
Let d(z) = -z**3 - 18*z**2 + 89*z + 214. Calculate d(6).
-116
Let l(v) = -84746*v + 1271194. What is l(15)?
4
Let d(r) = 6*r**3 + 128*r**2 + 4*r - 868. Calculate d(-21).
-70
Let v(h) = -h**3 + 56*h**2 + 51653*h + 1033. Calculate v(257).
5
Let z(f) = -610*f + 125643. Determine z(206).
-17
Let s(l) = -4*l**3 - 540*l**2 + 539*l - 692. Calculate s(-136).
-12
Let o(n) = -73*n**3 - 809*n**2 - 72*n - 60. What is o(-11)?
6
Let a(m) = 8*m**3 - 9*m**2 - 80*m - 135. Determine a(-2).
-75
Let m(q) = -631*q**3 - 17*q - 18. Give m(-1).
630
Let u(r) = 182*r + 6685. What is u(-49)?
-2233
Let s(a) = 45*a**2 + 250*a + 32. Give s(-10).
2032
Let j(t) = -31*t**2 + 409*t - 278. Calculate j(11).
470
Let n(s) = -15202*s + 9258012. Determine n(609).
-6
Let c(r) = -2*r**3 - 24*r**2 + 9*r - 355. Determine c(-13).
-134
Let a(q) = -124*q + 5292. Determine a(30).
1572
Let r(q) = -39*q**2 + 15*q - 107. Give r(5).
-1007
Let v(u) = 4*u**3 + 180*u**2 - 1761*u - 72540. Give v(-46).
2
Let l(v) = -3*v**2 + 73*v + 797. What is l(-12)?
-511
Let b(u) = 6*u**3 + 67*u**2 + 1603*u + 17513. Calculate b(-11).
1
Let o(j) = -j**3 - 79*j**2 + 1092*j - 31. Determine o(-91).
-31
Let i(p) = -p**3 + 58*p**2 + 587*p + 61. Give i(67).
-1011
Let r(d) = 27*d - 8503. Give r(300).
-403
Let k(z) = -43740*z + 349903. Determine k(8).
-17
Let k(i) = -10*i**3 - 110*i**2 + 47*i + 543. Give k(-11).
26
Let y(v) = v**3 - 42*v**2 + 119*v + 176. What is y(39)?
254
Let m(d) = 88*d**3 + 705*d**2 + 21*d - 11. Calculate m(-8).
-115
Let i(k) = -6*k**2 + 201*k + 835. Determine i(-4).
-65
Let g(d) = -54*d**2 + 6047*d + 497. Determine g(112).
385
Let t(y) = 8996*y + 2329991. Determine t(-259).
27
Let s(r) = -57089*r + 2569025. What is s(45)?
20
Let r(x) = -5*x**2 - 2741*x - 252257. Determine r(-117).
-5
Let j(x) = -446730*x - 9381331. What is j(-21)?
-1
Let p(a) = a**3 + 140*a**2 + 3*a - 19164. Determine p(-139).
-260
Let w(d) = -3*d**3 - 977*d**2 + 4888*d + 357. Calculate w(5).
-3
Let r(t) = 12547*t + 31. Give r(0).
31
Let m(x) = -2953*x**2 - 135822*x + 738. Determine m(-46).
2
Let j(c) = c**3 + 28*c**2 + 106*c + 408. Calculate j(-28).
-2560
Let p(k) = 7334*k + 36699. Calculate p(-5).
29
Let y(m) = -4*m**2 - 2909*m - 26540. Give y(-718).
26
Let q(u) = 376*u + 47959. Determine q(-127).
207
Let r(d) = d**3 - 19*d**2 - 17*d + 198. What is r(19)?
-125
Let k(v) = 22*v**3 + 202*v**2 - 187*v - 3. Give k(-10).
67
Let k(f) = 291*f - 2326. Calculate k(5).
-871
Let p(n) = -34157*n - 136634. Calculate p(-4).
-6
Let y(q) = -2*q**3 + 1495*q**2 + 20544*q + 2274. Calculate y(761).
-9
Let v(c) = -3188*c + 14947. Give v(5).
-993
Let r(u) = -3*u**3 - 109*u**2 - 141*u - 3782. Determine r(-36).
-2
Let f(x) = -778*x + 307317. What is f(395)?
7
Let n(o) = -2494102*o + 7482300. Give n(3).
-6
Let y(p) = 8*p**3 - 250*p**2 - 189*p + 123. Give y(32).
219
Let d(p) = -2*p**3 + 92*p**2 - 19*p + 1211. Determine d(46).
337
Let n(s) = 26*s**2 + 581*s - 13. Determine n(-26).
2457
Let p(x) = -64*x**3 - 8*x**2 + 238*x + 786. Give p(-3).
1728
Let r(s) = 2*s**2 - 862*s - 5132. Calculate r(-6).
112
Let n(r) = r**2 + 3162*r + 44111. What is n(-14)?
39
Let w(q) = 3*q**2 - 47817*q + 382351. Give w(8).
7
Let z(m) = -m**3 - 35*m**2 - 158*m + 17. Calculate z(-31).
1071
Let s(n) = -21*n**2 + 311*n - 966. Calculate s(11).
-86
Let v(a) = -22*a - 4140. What is v(-179)?
-202
Let l(s) = 21*s**3 - 711*s**2 - 873*s + 1150. Determine l(35).
-5
Let t(a) = -437*a**2 + 303*a - 3. Give t(2).
-1145
Let p(t) = 89436*t**2 - 447179*t - 10. What is p(5)?
-5
Let r(m) = -2*m**2 - 251*m + 13563. Give r(-173).
-2872
Let w(y) = 3*y**3 - 351*y**2 + 1996*y - 34. Determine w(6).
-46
Let x(z) = 2*z**2 - 390*z - 4465. What is x(-11)?
67
Let k(g) = 8*g**2 + 264*g + 51. Give k(-31).
-445
Let v(x) = -21*x**2 - 542*x + 83. Give v(-26).
-21
Let h(c) = -7*c + 265. What is h(-111)?
1042
Let n(b) = 19*b**2 + 593*b - 1759. Calculate n(3).
191
Let d(m) = -71*m + 3068. Give d(44).
-56
Let g(r) = r**3 - 10*r**2 - 1369*r + 14838. Calculate g(11).
-100
Let b(y) = -y**2 + 14285*y + 157190. Calculate b(-11).
-66
Let r(m) = -3387*m + 982236. What is r(290)?
6
Let b(s) = 133*s**2 + 12770*s - 41. Calculate b(-96).
-233
Let t(o) = -165*o + 4650. Give t(26).
360
Let m(p) = 4*p**3 + 339*p**2 + 248*p - 323. Give m(-84).
13
Let m(l) = 10*l**2 + 525*l + 5279. What is m(-39)?
14
Let q(z) = 317291*z - 4759358. Calculate q(15).
7
Let v(b) = 5*b**3 - 37*b**2 - 222*b + 3. Calculate v(-4).
-21
Let u(f) = f**3 - 171*f**2 + 120*f + 7092. What is u(-6)?
0
Let o(t) = -8*t**2 + 203*t - 1287. Determine o(14).
-13
Let r(i) = 6*i**3 + 26*i**2 - 145*i - 170. Give r(4).
50
Let m(r) = 5133*r + 10261. Give m(-2).
-5
Let c(w) = -w**2 - 1454*w + 19104. Calculate c(13).
33
Let l(x) = x**3 + 624*x**2 + 13276*x + 19308. Calculate l(-602).
44
Let a(k) = 2675*k + 543038. Calculate a(-203).
13
Let w(k) = -7*k**2 + 1900*k + 7765. Give w(-4).
53
Let b(p) = -1581*p + 74684. Give b(45).
3539
Let h(s) = 1509080*s - 3018163. Give h(2).
-3
Le